 -2*k + 2, -2*k = 2*n - 36. List the prime factors of n.
3, 5
Suppose 5*r - 754 = -244. What are the prime factors of r?
2, 3, 17
Let a be 3 - -2 - (2 - -1). Let p = a - -9. List the prime factors of p.
11
Suppose 2*a - 13 - 111 = -2*i, 2*i - 5*a = 138. What are the prime factors of i?
2
Suppose -c + 97 = -5*s - 3*c, -c - 77 = 4*s. List the prime factors of (s/5)/((-6)/30).
19
List the prime factors of (-1*(341 - 4))/(-1).
337
Let r be 20 - (-2 - -3)*-1. Suppose 0 = 2*k + k - r. List the prime factors of k.
7
Suppose 2 = 4*z + 10. Let x = -1 + 6. Let v = z + x. What are the prime factors of v?
3
Let o = 7 - 5. Let n be o/(-2) + (7 - 4). Suppose -n*h + h = -6. What are the prime factors of h?
2, 3
Suppose -4*j = -0*k - 4*k + 88, 4*j - 5*k + 90 = 0. Let w = -13 - j. What are the prime factors of w?
7
Let x = 21 - 5. Suppose x = -3*b + 5*b. Suppose -3*k - k + b = 0. What are the prime factors of k?
2
Let u(h) be the first derivative of h**6/360 + h**5/24 + h**4/8 - 2*h**3/3 - 1. Let p(s) be the third derivative of u(s). What are the prime factors of p(-7)?
17
Suppose 0*a - 30 = -a. Suppose 2*i - a = -i. List the prime factors of i.
2, 5
Let t = -17 + 17. Suppose t = -3*k - 2*p + 57, k + 3*p = -p + 19. What are the prime factors of k?
19
Let i be (-14)/(-4) - 3/(-6). Suppose 0 = -5*t + i*t + 21. What are the prime factors of t?
3, 7
Suppose -3*k = k. Suppose k = -2*y - 3*s + 7, -4*s + 0*s + 10 = 2*y. What are the prime factors of 11 - (2 + -2 + y)?
2, 3
Suppose m + n - 13 = 0, 6 = 5*m - 4*n - 41. What are the prime factors of m?
11
Let d = -9 - -25. List the prime factors of d.
2
Let r be (-2)/4*0/1. Suppose 0 = -d - 0*t + 3*t + 33, d + t - 33 = r. Let u = -21 + d. List the prime factors of u.
2, 3
Let c = -1 - -3. Suppose z = c*k + 35, -3*k = 3*z - 7*k - 101. Suppose 4*w - 5*f = 33, -w = 2*w - 5*f - z. What are the prime factors of w?
2
Suppose -2*n + 16 + 22 = 0. What are the prime factors of n?
19
Let x be -3 - (-1 + 4 + -9). Suppose -2*h = x*q - 87, 2*q + h = 3*h + 68. What are the prime factors of q?
31
Let l(f) = -f**3 + 2*f**2 + 3*f + 3. Let y(w) = 2*w**2 - 4*w + 3. Let c be y(2). Let s be l(c). What are the prime factors of 5 + (-2 - 0/s)?
3
Suppose -v - 17*v = -1296. What are the prime factors of v?
2, 3
Let g be (-4)/(-18) - (-2)/(-9). Let r be 1 - g - (-2 - 0). Let t = r - 1. List the prime factors of t.
2
Suppose -9*v = -4*v - 100. List the prime factors of v.
2, 5
Let t(o) = 2*o**2 + 3*o - 1. What are the prime factors of t(-5)?
2, 17
Let u(d) = -8*d - 2. Let g be u(-3). Suppose -4*j + 4*x = -6*j + g, 2*j = 5*x + 31. Suppose j = 3*t + 1. What are the prime factors of t?
2
Suppose -k + 4*q = -13, 0 = -3*k + 5*q + 28 - 3. Let f be k + -3 - (1 + 5). List the prime factors of (10 - 9)/((-2)/f).
2
Suppose -3*c + 3*b = -78, 0 = -4*b + 11 - 31. What are the prime factors of c?
3, 7
Suppose -44 = -2*s - 4*l, 0 = 3*s + l - 5*l - 36. Suppose 2*a = 2*w - 22, 2*w - s = -0*w - 4*a. What are the prime factors of w?
2, 5
Let t = 20 + -33. Let m be 4/(2/(-2)) + -4. Let b = m - t. List the prime factors of b.
5
Let l(k) be the second derivative of k**5/20 + k**4/12 - k**3/2 + 3*k**2/2 - 3*k. List the prime factors of l(2).
3
Let g(n) = n + 11. Let b be g(-9). Suppose q = -b*q + 75. List the prime factors of q.
5
Let a be 535/25 - (-2)/(-5). Suppose 0 = -4*c + 35 + a. List the prime factors of c.
2, 7
Let x(f) = 6*f**3 + 2*f**2 + f. Let w be -1 - -3 - 4 - -1. Let u be x(w). Let b = u - -8. What are the prime factors of b?
3
Let n = 72 - 37. What are the prime factors of n?
5, 7
What are the prime factors of 147/1 + -1*(-15)/(-5)?
2, 3
Suppose 21 = f - 143. What are the prime factors of f?
2, 41
Let z = -10 + 13. Suppose 33 = z*k - 0*k. List the prime factors of k.
11
Suppose 5*b = -p + 161, 5*b - 5*p - 181 = -p. List the prime factors of b.
3, 11
Let a(u) = -u**2 + 7*u - 3. What are the prime factors of a(5)?
7
Let h(l) = 0*l - 1 - 11*l + 0*l - 11*l. Let q be h(-1). Suppose t + 2*t - 38 = 4*g, t = 3*g + q. What are the prime factors of t?
2, 3
What are the prime factors of 1/(((-3)/(-66))/(9/2))?
3, 11
Let y(z) = 0*z - 2 + 1 + 2*z + 0. Let t be y(4). Suppose t*u = 2*u + 50. What are the prime factors of u?
2, 5
Suppose 0 = c - 0*c - 2. Let q(j) = 3*j - 2*j + 8 - c. List the prime factors of q(-3).
3
Suppose -2*c + 4*l = 0, c + 2*l - 2 = 2. What are the prime factors of (2 - (-12 - -1)) + c?
3, 5
Let d = -161 + 234. What are the prime factors of d?
73
Suppose 2*a - 5*a = 0. Suppose 3*j = -a + 3. Suppose 3*o + j = 34. List the prime factors of o.
11
Let t(f) = -8*f. Let y be t(-2). Suppose 4*a - y = 4*h, -a - 2*a = 2*h - 2. List the prime factors of a/(-3) - (-123)/9.
13
Let i(w) = -w**3 - 6*w**2 + 7*w + 2. Let d be i(-7). Suppose d*l = 8, 4*l - 22 = -j + 5*l. Let g = j + -16. List the prime factors of g.
2, 5
Let f(o) = -2*o**3 - o**2 + 3*o + 3. Let h be f(-2). Let c = h - 7. Suppose -c*m = t - 9, -m + 45 = 4*t - 2*m. What are the prime factors of t?
11
Let l(v) = v - 3. Let f be l(6). Suppose 14 = f*p + 5. List the prime factors of p.
3
Let p(h) = -h**3 - 10*h**2 + 13*h + 3. List the prime factors of p(-12).
3, 5
Let i(q) = -13*q**3 - q**2 - q. Let x(m) = -m**3 - m**2 - m - 1. Let p be x(0). Let d be i(p). Let b = -8 + d. List the prime factors of b.
5
Let f be 18/30 - 7/(-5). Suppose f*a - 5*g - 66 = -3*g, 3*a + 4*g = 64. List the prime factors of a.
2, 7
Let r = -23 - -28. Let b(t) = -t + 9. List the prime factors of b(r).
2
Let m(i) = -2*i + 4. Let q = -8 - 0. Let o be m(q). Let y = 34 - o. What are the prime factors of y?
2, 7
Let u(v) = v + 4. Let m be u(-6). Let t = -3 - m. Let s = t + 12. What are the prime factors of s?
11
Let k = 3 + 211. List the prime factors of k.
2, 107
Suppose -3*g + 206 = -5*v, 4*g - 2*v - 194 = g. List the prime factors of g.
2, 31
Let w = 37 + -53. Let d = -26 - w. What are the prime factors of (-1 - 6/d)*-25?
2, 5
Let w(t) = t**3 + 5*t**2 + 5*t + 6. Let q be w(-4). Let b = 4 - q. Suppose -5*a = -6*a - 5*r - 4, -16 = -2*a + b*r. What are the prime factors of a?
2, 3
Let x be 4/22 - 2/11. Suppose k - 4 = -x*k. List the prime factors of k.
2
What are the prime factors of 0*4/8 - -25?
5
Let q(b) be the third derivative of b**6/120 + 7*b**5/60 + b**4/6 - b**3 - 3*b**2. Let u be q(-6). Suppose 2*p - u*p = -32. List the prime factors of p.
2
List the prime factors of (52/(-16) + 3)*-148.
37
What are the prime factors of (-6)/(-27) - (11512/(-36) - 0)?
2, 5
Let i(b) = -b**3 - 7*b**2 + 12*b + 2. Let n be i(-8). Let x = -8 - n. List the prime factors of x.
2, 11
List the prime factors of (3/(-6))/((-2)/156).
3, 13
Let w(p) = p**3 + 3*p**2 + p. Let j be w(-2). Suppose 4*d + j*o = -o + 20, 2*d - 5*o - 10 = 0. Suppose d*m - 40 = -0*m. List the prime factors of m.
2
Suppose 5*x + 4 = -1. Let j(p) = 5*p**3 + 2*p**2 - 1. Let a be j(x). Let r = a - -12. List the prime factors of r.
2
Let f = 85 - 34. What are the prime factors of f?
3, 17
Let a be (2/3)/((-6)/(-27)). Suppose -a = -c - 2. What are the prime factors of c/(-3) - (-26)/6?
2
Let v(b) = b**3 + 12*b**2 + 4. What are the prime factors of v(-12)?
2
Suppose -4*u = 5*w - 646, -2*u + 471 = u - 3*w. What are the prime factors of u?
3, 53
Suppose 0 = -3*y + y + 28. Suppose -q - q + 5*x + 13 = 0, -2*x - y = -3*q. Suppose -q*m + 2 = -3*m. What are the prime factors of m?
2
Suppose 2*i - 8 = 2*m - m, 0 = -5*i + 3*m + 19. Suppose -i = -4*w + 3*w. List the prime factors of w.
5
Let s(z) = -11*z**3 + z**2 - 4*z. Let f be s(-3). Let q be f/27 + 2/9. Suppose 2*y - q = -0. List the prime factors of y.
2, 3
Suppose 3*u = 12, -2*d + 0*u + 5*u + 252 = 0. Suppose 0*a = -4*a + d. List the prime factors of a.
2, 17
Let d be 4/(-18) + (-40)/(-18). Suppose -3*b = -7*b - 3*a + 102, 5*b - 124 = -2*a. Suppose -d*y + 4*k + 8 = -4, -y = 4*k - b. What are the prime factors of y?
2, 3
Suppose 5*c - 2*c = 42. Let x = 29 - c. What are the prime factors of x?
3, 5
Let m = -7 + 8. List the prime factors of (2/m)/(5/90).
2, 3
Suppose -5*d - 4*b + 1166 = 0, 0 = 3*d - 4*d + 4*b + 238. List the prime factors of d.
2, 3, 13
Let x be (7 + -4)*-1*1. Let p be (-1)/3*(-6 - x). Let s = 6 + p. What are the prime factors of s?
7
Let d be (3/1)/(-2 + 3). What are the prime factors of (0 + d)/((-6)/(-28))?
2, 7
Suppos